common factor of r and 12.
12
Let r be 2 + (4 - 4) + 46. Calculate the highest common factor of 32 and r.
16
Let a(q) = q**3 - 9*q**2 - 12*q - 10. Let i be 68/6 + (-2)/6. Let p be a(i). Calculate the greatest common factor of p and 10.
10
Suppose f + 4*o = 37, -2*f = f - 5*o - 43. What is the highest common factor of f and 63?
21
Let z be 223/5 + -2 - 15/25. Calculate the greatest common factor of 420 and z.
42
Suppose -4*z + 20 = 2*d, 3*d + 3 = 5*z - 11. Let g be d/(6/3) + 4. Calculate the greatest common factor of 40 and g.
5
Suppose 2*n - 3 + 1 = 0. Suppose s + 0*s = 11. Calculate the greatest common factor of n and s.
1
Let l be (-1)/6 - (-379)/6. Calculate the greatest common factor of 21 and l.
21
Let v be (5/((-10)/3))/((-4)/8). Calculate the highest common divisor of v and 9.
3
Let n(s) = 2*s**3 - 7*s**2 + 3*s. Let z be n(5). Let t(y) = y - 8. Let x be t(0). Let w = 26 + x. Calculate the highest common divisor of w and z.
18
Let j = -9 - -15. Suppose c - j = -0*c + 2*a, 5*a = 3*c - 15. Suppose -2*q + c*q + 26 = 0. Calculate the greatest common divisor of q and 13.
13
Let a(q) = -2*q + q**2 + 9 + 0*q + 9*q. Let x be a(-6). Let y be 6/(-1)*4/(-1). Calculate the highest common divisor of y and x.
3
Suppose 7*s - 25 = 2*s. Let r = 44 - s. Suppose -u + 21 = -r. What is the highest common factor of u and 40?
20
Let x = -34 + 56. Suppose 0 = 5*r - 2*i - 271, -49 = -2*r - 4*i + 69. What is the greatest common divisor of x and r?
11
Let r(b) = -b**2 + 13*b - 8. Let s be r(10). What is the greatest common divisor of s and 176?
22
Let t be ((-16)/6)/(6/(-81)). Suppose -3*g - g + t = 0. Calculate the highest common divisor of g and 1.
1
Let z(l) = -144*l**2 - 1. Let r be z(-1). Let x = 91 + r. Let o = -30 - x. What is the greatest common divisor of 120 and o?
24
Let m(l) = 3*l**3 - l**2 - 3*l + 1. Let n be m(2). Suppose 0 = 3*s - 0*s - 315. Calculate the highest common divisor of n and s.
15
Suppose -75 = -p - 3*x, 0*p - 2*x = 3*p - 204. Let s = 145 - 99. Let u = p - s. What is the greatest common divisor of 30 and u?
10
Let w = -1 + 5. Calculate the highest common factor of w and 4.
4
Let u = -11 + 15. Calculate the greatest common factor of u and 32.
4
Let k(d) = 29*d**2 - 2*d + 9. Let n be k(2). Calculate the greatest common factor of n and 11.
11
Let r be 85 + 1/(-2)*-4. Suppose -4*w = -57 - r. Let m be 368/w + (-2)/9. What is the greatest common divisor of m and 10?
10
Suppose 0 = -5*z + 5*h + 1 + 19, 2*z = -3*h + 23. Suppose 0*g = 5*g - 100. Suppose 3*i = g + 127. What is the greatest common factor of i and z?
7
Suppose 72 = 2*t + t. Suppose 2*c + t = 5*c. Let h be (7 + 1)/(2/8). What is the greatest common divisor of c and h?
8
Let s = 83 + -11. Suppose -4*u = -40 - s. What is the highest common factor of 4 and u?
4
Let h be (-12)/9*3 - -84. Let i(p) = p**3 + p**2 + p + 32. Let y be i(0). Calculate the greatest common factor of h and y.
16
Suppose 349 + 35 = 3*l. Let i = 38 + -22. What is the highest common divisor of l and i?
16
Suppose 4*x + 0*x = 72. Let m be (-10)/(3/(-54*1)). What is the highest common factor of m and x?
18
Let q be ((-380)/6)/(3/(-9)). Suppose -v = 4*v - q. Suppose w = 22 + v. Calculate the highest common factor of 12 and w.
12
Let w(g) = -g**3 + 10*g**2 - 8*g + 6. Let t be w(9). Calculate the highest common divisor of 6 and t.
3
Let i(w) = -w**3 + 5*w**2 + 7*w - 6. Let k be i(6). Suppose k = -g - 1 + 16. What is the highest common divisor of g and 5?
5
Let q = -64 - -96. What is the highest common factor of 16 and q?
16
Suppose -5*b = -204 - 26. Calculate the highest common factor of b and 2.
2
Suppose -38 = 5*n - 758. Calculate the greatest common divisor of n and 18.
18
Let s(k) = -k - k**3 + 2 - k + 0*k + 3*k**2. Suppose 3*i - n = 11, -i + 3*n = 2*n - 7. Let h be s(i). Calculate the greatest common divisor of 22 and h.
2
Suppose -4*z = -k - 20, 4 = -2*z - 0*z + 4*k. Suppose -5*f = 2*w - 69, -3*w - z - 3 = 0. Calculate the greatest common divisor of 165 and f.
15
Suppose -5*b + 18 = 3. Let c be b - (3 - 2)*-2. Let k = -22 + 47. What is the greatest common divisor of c and k?
5
Let z = 8 - 6. Suppose 0 = 4*w - z*w - 406. Calculate the greatest common factor of w and 29.
29
Suppose -h - 4*j = -82, 5*j - 26 + 11 = 0. What is the greatest common factor of 14 and h?
14
Let k(b) = -3*b - 2. Let v be k(-16). What is the highest common divisor of 115 and v?
23
Let m = 50 + -35. Let v(c) = 8*c - 4. Let p be v(1). Let u be p + -7 - -1*m. What is the highest common factor of u and 36?
12
Suppose 0*f - 4*f - 3*p - 12 = 0, 0 = -2*f - 3*p. Let k be 39/(-9) + (-2)/f. Let y be k/(-6)*(-3 - -6). What is the highest common divisor of y and 16?
2
Let o be 15/(-10)*104/(-6). Suppose 5*x + 19 = 3*r, 4*x + 23 = -2*r + 5*r. Calculate the greatest common divisor of o and r.
13
Suppose 0 = 2*v - 5*v + 111. Let q = v - -8. Let l be (-1 + 19)*(22 + -21). What is the highest common divisor of q and l?
9
Suppose 3*t - 21 = -3*p, t + 2 = 4*p - 6. Calculate the greatest common divisor of 2 and p.
1
Suppose -2*u + u + 4 = 0. Calculate the highest common factor of 1 and u.
1
Let s(m) = -m**2 + 9*m - 9. Let x be s(6). Let w(z) = -6*z - 6. Let b be w(-4). Calculate the greatest common divisor of x and b.
9
Let k(b) = b + 5. Let a be k(-5). Let t be a/(3/(-3)*1). Suppose r - 30 - 98 = t. Calculate the highest common factor of r and 16.
16
Let n = 9 + -14. Let t(b) = -3*b - 10. Let m be t(n). Let x = 4 - -31. Calculate the highest common divisor of m and x.
5
Let a = 1150 + -608. Suppose 7*f - 2*f - 2*r - a = 0, -3*f = 4*r - 320. Suppose -31 + 103 = 4*c. What is the greatest common divisor of c and f?
18
Suppose -19 = -4*p - 4*g + 5*g, -4*g + 20 = 0. Let x be (-8)/(0 + (-1)/p). Suppose 1 = -2*a + 13. Calculate the greatest common divisor of a and x.
6
Let v(q) = q**3 + q**2 + 3. Let w be v(0). Let x(o) = 10*o - 3. Let m be x(w). Calculate the highest common factor of 18 and m.
9
Let j(z) = 4*z - 3. Let f be j(3). Let k = f - 9. Suppose 5*w = -4*n + 35, -n + k*n = 0. Calculate the highest common divisor of 56 and w.
7
Let v = -2 + 5. Suppose 4*l - 2*s - 335 = v*s, -5*s + 25 = 0. Calculate the greatest common divisor of l and 18.
18
Suppose 9*d = 4*d + 440. Suppose -b = 3*b - 44. Calculate the greatest common divisor of b and d.
11
Suppose l = q + 3*l - 8, -2*l - 16 = -5*q. Suppose 4*x - 4*v = 36, -2*x = q*v - 1 + 7. Let i be 2 - (1 + 0)*-3. What is the highest common divisor of i and x?
5
Suppose -3*a = -0*a. Suppose x + 23 - 88 = a. What is the highest common divisor of x and 13?
13
Suppose 2*b = -254 + 826. Calculate the highest common divisor of 26 and b.
26
Let o = -19 - -22. Suppose 3*c - 63 = c - o*d, 4*d - 136 = -4*c. Calculate the highest common factor of c and 26.
13
Let r(o) = o**2 + 16*o + 21. Let a be r(-14). Let c(p) = -6*p - 3. Let t be c(a). What is the greatest common divisor of t and 13?
13
Let x be 24/(-8) - 3/(-1). Suppose x = -w - 0*w + 4. Suppose -w*p + 152 = -0*p. What is the highest common factor of 57 and p?
19
Let w(s) = -s**2 + 6*s + 7. Let r be w(7). Suppose 3*z - 5*z + 46 = r. Calculate the highest common divisor of z and 230.
23
Let o be 120/18 + 2/6. What is the highest common factor of 35 and o?
7
Suppose i - 8 = -2*g - 2, i = -3*g + 7. Suppose i*x = a + 23, -3*a = -0*a - 15. Calculate the highest common factor of 49 and x.
7
Let b be (-1)/((-20)/6 - -3). Suppose 7 = p + t, 11 = -b*p + 3*t + 38. Let n be p/(3/(-27)*-3). What is the highest common factor of 12 and n?
12
Suppose 2*k - 18 = -x, -5*x + 3*k = 2*k - 145. Let g(s) = -s**3 + 6*s**2 - 5*s + 2. Let h be g(4). Calculate the greatest common divisor of x and h.
14
Let j(z) = -z + 12. Let t be j(7). Suppose 6*k - t*k = 7. Calculate the greatest common factor of 14 and k.
7
Suppose 5*z + 21 = -3*j, -4*z - 2 = -4*j + 2. Let t be j/(-6) + (-40)/(-6). What is the greatest common factor of t and 42?
7
Let p = 8 - 3. Suppose -3*h + 0*r - p*r = -200, -5*h = -r - 296. What is the highest common divisor of 24 and h?
12
Suppose 4*w - 4*q + 5*q = 14, 0 = 4*q + 8. Suppose -s = -4*j - w, 4*s + 3*j - 29 = 6*j. What is the greatest common factor of s and 72?
8
Suppose -5*y + 30 = -3*y. Suppose 16 = 3*v + 4*i - y, v + i = 9. Suppose -x - 48 = -v*x. Calculate the greatest common d